{"id":16669,"date":"2018-03-09T15:22:02","date_gmt":"2018-03-09T13:22:02","guid":{"rendered":"https:\/\/www.bezoya.es\/bebe-a-bordo\/wp-content\/uploads\/2015\/11\/D\u00eda-de-la-Abuela.jpg"},"modified":"2018-03-09T15:22:19","modified_gmt":"2018-03-09T13:22:19","slug":"dia-de-la-abuela","status":"inherit","type":"attachment","link":"https:\/\/www.bezoya.es\/bebe-a-bordo\/blog-bab\/la-fase-en-la-que-dejas-de-ser-madre-para-pasar-ser-abuela\/attachment\/dia-de-la-abuela\/","title":{"rendered":"D\u00eda de la Abuela"},"author":112,"featured_media":0,"comment_status":"open","ping_status":"closed","template":"","meta":{"_acf_changed":false,"inline_featured_image":false},"class_list":["post-16669","attachment","type-attachment","status-inherit","hentry"],"acf":[],"yoast_head":"<!-- This site is optimized with the Yoast SEO plugin v27.1.1 - https:\/\/yoast.com\/product\/yoast-seo-wordpress\/ -->\n<title>D\u00eda de la Abuela - Agua mineral natural Bezoya<\/title>\n<meta name=\"robots\" content=\"index, follow, max-snippet:-1, max-image-preview:large, max-video-preview:-1\" \/>\n<link rel=\"canonical\" href=\"https:\/\/www.bezoya.es\/bebe-a-bordo\/wp-content\/uploads\/2015\/11\/D\u00eda-de-la-Abuela.jpg\" \/>\n<meta property=\"og:locale\" content=\"es_ES\" \/>\n<meta property=\"og:type\" content=\"article\" \/>\n<meta property=\"og:title\" content=\"D\u00eda de la Abuela - Agua mineral natural Bezoya\" \/>\n<meta property=\"og:description\" content=\"Relaci\u00f3n con los abuelos...\" \/>\n<meta property=\"og:url\" content=\"https:\/\/www.bezoya.es\/bebe-a-bordo\/wp-content\/uploads\/2015\/11\/D\u00eda-de-la-Abuela.jpg\" \/>\n<meta property=\"og:site_name\" content=\"Agua mineral natural Bezoya\" \/>\n<meta property=\"article:modified_time\" content=\"2018-03-09T13:22:19+00:00\" \/>\n<meta property=\"og:image\" content=\"https:\/\/www.bezoya.es\/bebe-a-bordo\/wp-content\/uploads\/2015\/11\/D\u00eda-de-la-Abuela.jpg\" \/>\n\t<meta property=\"og:image:width\" content=\"564\" \/>\n\t<meta property=\"og:image:height\" content=\"564\" \/>\n\t<meta property=\"og:image:type\" content=\"image\/jpeg\" \/>\n<meta name=\"twitter:card\" content=\"summary_large_image\" \/>\n<script type=\"application\/ld+json\" class=\"yoast-schema-graph\">{\"@context\":\"https:\/\/schema.org\",\"@graph\":[{\"@type\":\"WebPage\",\"@id\":\"https:\/\/www.bezoya.es\/bebe-a-bordo\/wp-content\/uploads\/2015\/11\/D\u00eda-de-la-Abuela.jpg\",\"url\":\"https:\/\/www.bezoya.es\/bebe-a-bordo\/wp-content\/uploads\/2015\/11\/D\u00eda-de-la-Abuela.jpg\",\"name\":\"D\u00eda de la Abuela - Agua mineral natural Bezoya\",\"isPartOf\":{\"@id\":\"https:\/\/www.bezoya.es\/bebe-a-bordo\/#website\"},\"datePublished\":\"2018-03-09T13:22:02+00:00\",\"dateModified\":\"2018-03-09T13:22:19+00:00\",\"breadcrumb\":{\"@id\":\"https:\/\/www.bezoya.es\/bebe-a-bordo\/wp-content\/uploads\/2015\/11\/D\u00eda-de-la-Abuela.jpg#breadcrumb\"},\"inLanguage\":\"es\",\"potentialAction\":[{\"@type\":\"ReadAction\",\"target\":[\"https:\/\/www.bezoya.es\/bebe-a-bordo\/wp-content\/uploads\/2015\/11\/D\u00eda-de-la-Abuela.jpg\"]}]},{\"@type\":\"BreadcrumbList\",\"@id\":\"https:\/\/www.bezoya.es\/bebe-a-bordo\/wp-content\/uploads\/2015\/11\/D\u00eda-de-la-Abuela.jpg#breadcrumb\",\"itemListElement\":[{\"@type\":\"ListItem\",\"position\":1,\"name\":\"La fase en la que dejas de ser madre para pasar a ser abuela\",\"item\":\"https:\/\/www.bezoya.es\/bebe-a-bordo\/blog-bab\/la-fase-en-la-que-dejas-de-ser-madre-para-pasar-ser-abuela\/\"},{\"@type\":\"ListItem\",\"position\":2,\"name\":\"D\u00eda de la Abuela\"}]},{\"@type\":\"WebSite\",\"@id\":\"https:\/\/www.bezoya.es\/bebe-a-bordo\/#website\",\"url\":\"https:\/\/www.bezoya.es\/bebe-a-bordo\/\",\"name\":\"Agua mineral natural Bezoya\",\"description\":\"El agua de mineralizaci\u00f3n muy d\u00e9bil\",\"potentialAction\":[{\"@type\":\"SearchAction\",\"target\":{\"@type\":\"EntryPoint\",\"urlTemplate\":\"https:\/\/www.bezoya.es\/bebe-a-bordo\/?s={search_term_string}\"},\"query-input\":{\"@type\":\"PropertyValueSpecification\",\"valueRequired\":true,\"valueName\":\"search_term_string\"}}],\"inLanguage\":\"es\"}]}<\/script>\n<!-- \/ Yoast SEO plugin. -->","yoast_head_json":{"title":"D\u00eda de la Abuela - Agua mineral natural Bezoya","robots":{"index":"index","follow":"follow","max-snippet":"max-snippet:-1","max-image-preview":"max-image-preview:large","max-video-preview":"max-video-preview:-1"},"canonical":"https:\/\/www.bezoya.es\/bebe-a-bordo\/wp-content\/uploads\/2015\/11\/D\u00eda-de-la-Abuela.jpg","og_locale":"es_ES","og_type":"article","og_title":"D\u00eda de la Abuela - Agua mineral natural Bezoya","og_description":"Relaci\u00f3n con los abuelos...","og_url":"https:\/\/www.bezoya.es\/bebe-a-bordo\/wp-content\/uploads\/2015\/11\/D\u00eda-de-la-Abuela.jpg","og_site_name":"Agua mineral natural Bezoya","article_modified_time":"2018-03-09T13:22:19+00:00","og_image":[{"width":564,"height":564,"url":"https:\/\/www.bezoya.es\/bebe-a-bordo\/wp-content\/uploads\/2015\/11\/D\u00eda-de-la-Abuela.jpg","type":"image\/jpeg"}],"twitter_card":"summary_large_image","schema":{"@context":"https:\/\/schema.org","@graph":[{"@type":"WebPage","@id":"https:\/\/www.bezoya.es\/bebe-a-bordo\/wp-content\/uploads\/2015\/11\/D\u00eda-de-la-Abuela.jpg","url":"https:\/\/www.bezoya.es\/bebe-a-bordo\/wp-content\/uploads\/2015\/11\/D\u00eda-de-la-Abuela.jpg","name":"D\u00eda de la Abuela - Agua mineral natural Bezoya","isPartOf":{"@id":"https:\/\/www.bezoya.es\/bebe-a-bordo\/#website"},"datePublished":"2018-03-09T13:22:02+00:00","dateModified":"2018-03-09T13:22:19+00:00","breadcrumb":{"@id":"https:\/\/www.bezoya.es\/bebe-a-bordo\/wp-content\/uploads\/2015\/11\/D\u00eda-de-la-Abuela.jpg#breadcrumb"},"inLanguage":"es","potentialAction":[{"@type":"ReadAction","target":["https:\/\/www.bezoya.es\/bebe-a-bordo\/wp-content\/uploads\/2015\/11\/D\u00eda-de-la-Abuela.jpg"]}]},{"@type":"BreadcrumbList","@id":"https:\/\/www.bezoya.es\/bebe-a-bordo\/wp-content\/uploads\/2015\/11\/D\u00eda-de-la-Abuela.jpg#breadcrumb","itemListElement":[{"@type":"ListItem","position":1,"name":"La fase en la que dejas de ser madre para pasar a ser abuela","item":"https:\/\/www.bezoya.es\/bebe-a-bordo\/blog-bab\/la-fase-en-la-que-dejas-de-ser-madre-para-pasar-ser-abuela\/"},{"@type":"ListItem","position":2,"name":"D\u00eda de la Abuela"}]},{"@type":"WebSite","@id":"https:\/\/www.bezoya.es\/bebe-a-bordo\/#website","url":"https:\/\/www.bezoya.es\/bebe-a-bordo\/","name":"Agua mineral natural Bezoya","description":"El agua de mineralizaci\u00f3n muy d\u00e9bil","potentialAction":[{"@type":"SearchAction","target":{"@type":"EntryPoint","urlTemplate":"https:\/\/www.bezoya.es\/bebe-a-bordo\/?s={search_term_string}"},"query-input":{"@type":"PropertyValueSpecification","valueRequired":true,"valueName":"search_term_string"}}],"inLanguage":"es"}]}},"description":{"rendered":"<p class=\"attachment\"><a href='https:\/\/www.bezoya.es\/bebe-a-bordo\/wp-content\/uploads\/2015\/11\/D\u00eda-de-la-Abuela.jpg'><img loading=\"lazy\" decoding=\"async\" width=\"300\" height=\"300\" src=\"https:\/\/www.bezoya.es\/bebe-a-bordo\/wp-content\/uploads\/2015\/11\/D\u00eda-de-la-Abuela-300x300.jpg\" class=\"attachment-medium size-medium\" alt=\"El papel de la abuela en la familia\" srcset=\"https:\/\/www.bezoya.es\/bebe-a-bordo\/wp-content\/uploads\/2015\/11\/D\u00eda-de-la-Abuela-300x300.jpg 300w, https:\/\/www.bezoya.es\/bebe-a-bordo\/wp-content\/uploads\/2015\/11\/D\u00eda-de-la-Abuela-150x150.jpg 150w, https:\/\/www.bezoya.es\/bebe-a-bordo\/wp-content\/uploads\/2015\/11\/D\u00eda-de-la-Abuela.jpg 564w\" sizes=\"auto, (max-width: 300px) 100vw, 300px\" \/><\/a><\/p>\n<p>Relaci\u00f3n con los abuelos<\/p>\n"},"caption":{"rendered":"<p>Relaci\u00f3n con los abuelos&#8230;<\/p>\n"},"alt_text":"El papel de la abuela en la familia","media_type":"image","mime_type":"image\/jpeg","media_details":{"width":564,"height":564,"file":"2015\/11\/D\u00eda-de-la-Abuela.jpg","sizes":{"thumbnail":{"file":"D\u00eda-de-la-Abuela-150x150.jpg","width":150,"height":150,"mime_type":"image\/jpeg","source_url":"https:\/\/www.bezoya.es\/bebe-a-bordo\/wp-content\/uploads\/2015\/11\/D\u00eda-de-la-Abuela-150x150.jpg"},"medium":{"file":"D\u00eda-de-la-Abuela-300x300.jpg","width":300,"height":300,"mime_type":"image\/jpeg","source_url":"https:\/\/www.bezoya.es\/bebe-a-bordo\/wp-content\/uploads\/2015\/11\/D\u00eda-de-la-Abuela-300x300.jpg"},"full":{"file":"D\u00eda-de-la-Abuela.jpg","width":564,"height":564,"mime_type":"image\/jpeg","source_url":"https:\/\/www.bezoya.es\/bebe-a-bordo\/wp-content\/uploads\/2015\/11\/D\u00eda-de-la-Abuela.jpg"}},"image_meta":{"aperture":"0","credit":"","camera":"","caption":"","created_timestamp":"0","copyright":"","focal_length":"0","iso":"0","shutter_speed":"0","title":"","orientation":"0","keywords":[]}},"post":5145,"source_url":"https:\/\/www.bezoya.es\/bebe-a-bordo\/wp-content\/uploads\/2015\/11\/D\u00eda-de-la-Abuela.jpg","_links":{"self":[{"href":"https:\/\/www.bezoya.es\/bebe-a-bordo\/wp-json\/wp\/v2\/media\/16669","targetHints":{"allow":["GET"]}}],"collection":[{"href":"https:\/\/www.bezoya.es\/bebe-a-bordo\/wp-json\/wp\/v2\/media"}],"about":[{"href":"https:\/\/www.bezoya.es\/bebe-a-bordo\/wp-json\/wp\/v2\/types\/attachment"}],"author":[{"embeddable":true,"href":"https:\/\/www.bezoya.es\/bebe-a-bordo\/wp-json\/wp\/v2\/users\/112"}],"replies":[{"embeddable":true,"href":"https:\/\/www.bezoya.es\/bebe-a-bordo\/wp-json\/wp\/v2\/comments?post=16669"}]}}

https://www.bezoya.es/bebe-a-bordo/wp-content/uploads/2015/11/Día-de-la-Abuela.jpg

Día de la Abuela

<!-- This site is optimized with the Yoast SEO plugin v27.1.1 - https://yoast.com/product/yoast-seo-wordpress/ -->
<title>Día de la Abuela - Agua mineral natural Bezoya</title>
<meta name="robots" content="index, follow, max-snippet:-1, max-image-preview:large, max-video-preview:-1" />
<link rel="canonical" href="https://www.bezoya.es/bebe-a-bordo/wp-content/uploads/2015/11/Día-de-la-Abuela.jpg" />
<meta property="og:locale" content="es_ES" />
<meta property="og:type" content="article" />
<meta property="og:title" content="Día de la Abuela - Agua mineral natural Bezoya" />
<meta property="og:description" content="Relación con los abuelos..." />
<meta property="og:url" content="https://www.bezoya.es/bebe-a-bordo/wp-content/uploads/2015/11/Día-de-la-Abuela.jpg" />
<meta property="og:site_name" content="Agua mineral natural Bezoya" />
<meta property="article:modified_time" content="2018-03-09T13:22:19+00:00" />
<meta property="og:image" content="https://www.bezoya.es/bebe-a-bordo/wp-content/uploads/2015/11/Día-de-la-Abuela.jpg" />
	<meta property="og:image:width" content="564" />
	<meta property="og:image:height" content="564" />
	<meta property="og:image:type" content="image/jpeg" />
<meta name="twitter:card" content="summary_large_image" />
<script type="application/ld+json" class="yoast-schema-graph">{"@context":"https://schema.org","@graph":[{"@type":"WebPage","@id":"https://www.bezoya.es/bebe-a-bordo/wp-content/uploads/2015/11/Día-de-la-Abuela.jpg","url":"https://www.bezoya.es/bebe-a-bordo/wp-content/uploads/2015/11/Día-de-la-Abuela.jpg","name":"Día de la Abuela - Agua mineral natural Bezoya","isPartOf":{"@id":"https://www.bezoya.es/bebe-a-bordo/#website"},"datePublished":"2018-03-09T13:22:02+00:00","dateModified":"2018-03-09T13:22:19+00:00","breadcrumb":{"@id":"https://www.bezoya.es/bebe-a-bordo/wp-content/uploads/2015/11/Día-de-la-Abuela.jpg#breadcrumb"},"inLanguage":"es","potentialAction":[{"@type":"ReadAction","target":["https://www.bezoya.es/bebe-a-bordo/wp-content/uploads/2015/11/Día-de-la-Abuela.jpg"]}]},{"@type":"BreadcrumbList","@id":"https://www.bezoya.es/bebe-a-bordo/wp-content/uploads/2015/11/Día-de-la-Abuela.jpg#breadcrumb","itemListElement":[{"@type":"ListItem","position":1,"name":"La fase en la que dejas de ser madre para pasar a ser abuela","item":"https://www.bezoya.es/bebe-a-bordo/blog-bab/la-fase-en-la-que-dejas-de-ser-madre-para-pasar-ser-abuela/"},{"@type":"ListItem","position":2,"name":"Día de la Abuela"}]},{"@type":"WebSite","@id":"https://www.bezoya.es/bebe-a-bordo/#website","url":"https://www.bezoya.es/bebe-a-bordo/","name":"Agua mineral natural Bezoya","description":"El agua de mineralización muy débil","potentialAction":[{"@type":"SearchAction","target":{"@type":"EntryPoint","urlTemplate":"https://www.bezoya.es/bebe-a-bordo/?s={search_term_string}"},"query-input":{"@type":"PropertyValueSpecification","valueRequired":true,"valueName":"search_term_string"}}],"inLanguage":"es"}]}</script>
<!-- / Yoast SEO plugin. -->

Día de la Abuela - Agua mineral natural Bezoya

Relación con los abuelos...

https://www.bezoya.es/bebe-a-bordo/wp-content/uploads/2015/11/Día-de-la-Abuela.jpg#breadcrumb

El agua de mineralización muy débil

<p class="attachment"><a href='https://www.bezoya.es/bebe-a-bordo/wp-content/uploads/2015/11/Día-de-la-Abuela.jpg'><img loading="lazy" decoding="async" width="300" height="300" src="https://www.bezoya.es/bebe-a-bordo/wp-content/uploads/2015/11/Día-de-la-Abuela-300x300.jpg" class="attachment-medium size-medium" alt="El papel de la abuela en la familia" srcset="https://www.bezoya.es/bebe-a-bordo/wp-content/uploads/2015/11/Día-de-la-Abuela-300x300.jpg 300w, https://www.bezoya.es/bebe-a-bordo/wp-content/uploads/2015/11/Día-de-la-Abuela-150x150.jpg 150w, https://www.bezoya.es/bebe-a-bordo/wp-content/uploads/2015/11/Día-de-la-Abuela.jpg 564w" sizes="auto, (max-width: 300px) 100vw, 300px" /></a></p>
<p>Relación con los abuelos</p>

<p>Relación con los abuelos&#8230;</p>

2015/11/Día-de-la-Abuela.jpg

Día-de-la-Abuela-150x150.jpg

https://www.bezoya.es/bebe-a-bordo/wp-content/uploads/2015/11/Día-de-la-Abuela-150x150.jpg

Día-de-la-Abuela-300x300.jpg

https://www.bezoya.es/bebe-a-bordo/wp-content/uploads/2015/11/Día-de-la-Abuela-300x300.jpg

Día-de-la-Abuela.jpg
